re the prime factors of 1621?
1621
What are the prime factors of 4394?
2, 13
List the prime factors of 79897.
109, 733
What are the prime factors of 9979?
17, 587
List the prime factors of 3584.
2, 7
What are the prime factors of 2484?
2, 3, 23
List the prime factors of 150.
2, 3, 5
List the prime factors of 281.
281
List the prime factors of 602.
2, 7, 43
What are the prime factors of 113849?
17, 37, 181
List the prime factors of 23409.
3, 17
What are the prime factors of 9616?
2, 601
List the prime factors of 30480.
2, 3, 5, 127
List the prime factors of 413.
7, 59
What are the prime factors of 4762?
2, 2381
What are the prime factors of 30958?
2, 23, 673
List the prime factors of 12145.
5, 7, 347
List the prime factors of 6102.
2, 3, 113
What are the prime factors of 39335?
5, 7867
List the prime factors of 10471.
37, 283
List the prime factors of 664.
2, 83
List the prime factors of 2002.
2, 7, 11, 13
List the prime factors of 11068.
2, 2767
What are the prime factors of 9422?
2, 7, 673
List the prime factors of 1445.
5, 17
What are the prime factors of 8016?
2, 3, 167
List the prime factors of 622.
2, 311
List the prime factors of 5637.
3, 1879
List the prime factors of 4485.
3, 5, 13, 23
What are the prime factors of 10481?
47, 223
What are the prime factors of 1984?
2, 31
What are the prime factors of 3372?
2, 3, 281
List the prime factors of 39613.
7, 5659
List the prime factors of 28462.
2, 7, 19, 107
What are the prime factors of 49097?
29, 1693
What are the prime factors of 2810?
2, 5, 281
List the prime factors of 1393.
7, 199
What are the prime factors of 3419?
13, 263
List the prime factors of 563.
563
List the prime factors of 53477.
53, 1009
What are the prime factors of 3901?
47, 83
List the prime factors of 5930.
2, 5, 593
What are the prime factors of 1035?
3, 5, 23
What are the prime factors of 139378?
2, 227, 307
List the prime factors of 6202.
2, 7, 443
List the prime factors of 96234.
2, 3, 43, 373
What are the prime factors of 39?
3, 13
List the prime factors of 1475.
5, 59
What are the prime factors of 8334?
2, 3, 463
List the prime factors of 41737.
41737
What are the prime factors of 1320?
2, 3, 5, 11
List the prime factors of 2579.
2579
List the prime factors of 7118.
2, 3559
List the prime factors of 1508.
2, 13, 29
List the prime factors of 572.
2, 11, 13
What are the prime factors of 1234?
2, 617
List the prime factors of 14892.
2, 3, 17, 73
List the prime factors of 14371.
7, 2053
List the prime factors of 38375.
5, 307
What are the prime factors of 8393?
7, 11, 109
List the prime factors of 5574.
2, 3, 929
What are the prime factors of 1333?
31, 43
What are the prime factors of 2069?
2069
What are the prime factors of 742?
2, 7, 53
What are the prime factors of 80165?
5, 16033
List the prime factors of 21872.
2, 1367
What are the prime factors of 36182?
2, 79, 229
List the prime factors of 29263.
13, 2251
List the prime factors of 125970.
2, 3, 5, 13, 17, 19
What are the prime factors of 133?
7, 19
List the prime factors of 4012.
2, 17, 59
List the prime factors of 646.
2, 17, 19
What are the prime factors of 8166?
2, 3, 1361
What are the prime factors of 973?
7, 139
List the prime factors of 1708.
2, 7, 61
What are the prime factors of 39491?
17, 23, 101
List the prime factors of 183.
3, 61
What are the prime factors of 2086?
2, 7, 149
List the prime factors of 861.
3, 7, 41
What are the prime factors of 16785?
3, 5, 373
List the prime factors of 22306.
2, 19, 587
What are the prime factors of 62341?
31, 2011
List the prime factors of 442.
2, 13, 17
List the prime factors of 7039.
7039
What are the prime factors of 48003?
3, 16001
List the prime factors of 16016.
2, 7, 11, 13
List the prime factors of 74521.
74521
List the prime factors of 85866.
2, 3, 11, 1301
What are the prime factors of 1222?
2, 13, 47
List the prime factors of 1089.
3, 11
List the prime factors of 1106.
2, 7, 79
List the prime factors of 53137.
7, 7591
List the prime factors of 8716.
2, 2179
What are the prime factors of 523?
523
What are the prime factors of 467?
467
What are the prime factors of 27709?
11, 229
List the prime factors of 78789.
3, 26263
List the prime factors of 20080.
2, 5, 251
What are the prime factors of 5413?
5413
What are the prime factors of 16153?
29, 557
List the prime factors of 9466.
2, 4733
List the prime factors of 2602.
2, 1301
What are the prime factors of 225?
3, 5
What are the prime factors of 18933?
3, 6311
What are the prime factors of 741?
3, 13, 19
List the prime factors of 17850.
2, 3, 5, 7, 17
List the prime factors of 2075.
5, 83
List the prime factors of 2562.
2, 3, 7, 61
What are the prime factors of 758?
2, 379
What are the prime factors of 6540?
2, 3, 5, 109
List the prime factors of 15370.
2, 5, 29, 53
List the prime factors of 1351.
7, 193
What are the prime factors of 9674?
2, 7, 691
List the prime factors of 6388.
2, 1597
What are the prime factors of 7506?
2, 3, 139
List the prime factors of 4348.
2, 1087
List the prime factors of 80933.
80933
List the prime factors of 7231.
7, 1033
What are the prime factors of 193?
193
List the prime factors of 27536.
2, 1721
List the prime factors of 1811.
1811
What are the prime factors of 5374?
2, 2687
List the prime factors of 95751.
3, 10639
List the prime factors of 6060.
2, 3, 5, 101
List the prime factors of 1018.
2, 509
List the prime factors of 77813.
77813
List the prime factors of 365.
5, 73
What are the prime factors of 12598?
2, 6299
What are the prime factors of 60236?
2, 11, 37
List the prime factors of 26602.
2, 47, 283
List the prime factors of 384.
2, 3
What are the prime factors of 73164?
2, 3, 7, 13, 67
What are the prime factors of 23679?
3, 877
List the prime factors of 24706.
2, 11, 1123
List the prime factors of 10936.
2, 1367
What are the prime factors of 435?
3, 5, 29
What are the prime factors of 2676?
2, 3, 223
List the prime factors of 1022.
2, 7, 73
What are the prime factors of 65?
5, 13
What are the prime factors of 200632?
2, 31, 809
What are the prime factors of 1427?
1427
What are the prime factors of 2646?
2, 3, 7
What are the prime factors of 33580?
2, 5, 23, 73
What are the prime factors of 587?
587
What are the prime factors of 759?
3, 11, 23
What are the prime factors of 76419?
3, 7, 1213
What are the prime factors of 277?
277
List the prime factors of 17424.
2, 3, 11
List the prime factors of 22314.
2, 3, 3719
What are the prime factors of 24816?
2, 3, 11, 47
List the prime factors of 21270.
2, 3, 5, 709
What are the prime factors of 498?
2, 3, 83
What are the prime factors of 2459?
2459
List the prime factors of 10261.
31, 331
List the prime factors of 6349.
7, 907
What are the prime factors of 62782?
2, 31391
What are the prime factors of 20390?
2, 5, 2039
What are the prime factors of 3361?
3361
What are the prime factors of 27536?
2, 1721
List the prime factors of 75235.
5, 41, 367
What are the prime factors of 1602?
2, 3, 89
List the prime factors of 40.
2, 5
List the prime factors of 47507.
47507
List the prime factors of 2556.
2, 3, 71
What are the prime factors of 544?
2, 17
List the prime factors of 4300.
2, 5, 43
List the prime factors of 1056.
2, 3, 11
What are the prime factors of 151041?
3, 11, 23, 199
List the prime factors of 2347.
2347
List the prime factors of 10171.
7, 1453
List the prime factors of 35.
5, 7
List the prime factors of 24946.
2, 12473
What are the prime factors of 9583?
7, 37
What are the prime factors of 22514?
2, 11257
What are the prime factors of 116671?
17, 6863
List the prime factors of 1170.
2, 3, 5, 13
List the prime factors of 67460.
2, 5, 3373
List the prime factors of 11794.
2, 5897
List the prime factors of 9421.
9421
List the prime factors of 152989.
152989
List the prime factors of 5443.
5443
What are the prime factors of 5701?
5701
List the prime factors of 1468.
2, 367
List the prime factors of 4779.
3, 59
What are the prime factors of 10802?
2, 11, 491
List the prime factors of 1584.
2, 3, 11
What are the prime factors of 2704?
2, 13
List the prime factors of 7866.
2, 3, 19, 23
List the prime factors of 39676.
2, 7, 13, 109
What are the prime factors of 28100?
2, 5, 281
List the prime factors of 395.
5, 79
What are the prime factors of 220?
2, 5, 11
What are 